e prime factors of 17228836.
2, 881, 4889
List the prime factors of 85933617.
3, 7, 11, 53, 7019
List the prime factors of 1293443666.
2, 47, 59, 233221
What are the prime factors of 118955404?
2, 29738851
What are the prime factors of 1136499966?
2, 3, 7, 23, 29, 13523
What are the prime factors of 1112391029?
1112391029
List the prime factors of 1547424222.
2, 3, 23, 11213219
What are the prime factors of 42127207?
17, 181, 13691
What are the prime factors of 2129907395?
5, 7, 11, 5532227
What are the prime factors of 7412254942?
2, 23, 29, 5556413
What are the prime factors of 29612526?
2, 3, 19, 67, 3877
What are the prime factors of 89910944?
2, 2809717
What are the prime factors of 1335989772?
2, 3, 13, 281, 10159
What are the prime factors of 253953?
3, 7, 29, 139
List the prime factors of 4101082.
2, 43, 1109
What are the prime factors of 1908046677?
3, 29, 21931571
List the prime factors of 79723899.
3, 2952737
List the prime factors of 30729080.
2, 5, 19, 40433
What are the prime factors of 66425528?
2, 13, 17, 37571
What are the prime factors of 1584357541?
13, 19, 6414403
List the prime factors of 22329154.
2, 1087, 10271
List the prime factors of 23936622.
2, 3, 3989437
What are the prime factors of 1533971298?
2, 3, 29, 67, 131581
What are the prime factors of 106724920?
2, 5, 2668123
List the prime factors of 932785585.
5, 23, 223, 36373
What are the prime factors of 2288917157?
9623, 237859
What are the prime factors of 24468383?
24468383
What are the prime factors of 166944640?
2, 5, 19, 13729
List the prime factors of 298370611.
7, 11, 59, 65677
What are the prime factors of 271221043?
17, 15954179
List the prime factors of 126384841.
11, 11489531
What are the prime factors of 656705165?
5, 131341033
What are the prime factors of 227984103?
3, 25331567
What are the prime factors of 2073531206?
2, 10939, 94777
List the prime factors of 87900711.
3, 29, 1010353
List the prime factors of 2170756067.
131, 431, 38447
What are the prime factors of 156052477?
7, 22293211
What are the prime factors of 25733296?
2, 19, 84649
List the prime factors of 4139603024.
2, 757, 341777
What are the prime factors of 5223980?
2, 5, 269, 971
What are the prime factors of 950307156?
2, 3, 281, 93941
What are the prime factors of 942217178?
2, 7, 47, 204563
List the prime factors of 624300281.
11, 131, 433241
List the prime factors of 4099054.
2, 109, 18803
What are the prime factors of 2326664360?
2, 5, 23, 2528983
List the prime factors of 9755487.
3, 7, 154849
What are the prime factors of 319006950?
2, 3, 5, 199, 10687
What are the prime factors of 68379330?
2, 3, 5, 37, 61603
What are the prime factors of 278124107?
278124107
What are the prime factors of 2101931021?
42943, 48947
What are the prime factors of 1425570032?
2, 113, 788479
What are the prime factors of 30247495?
5, 103, 58733
List the prime factors of 559956668.
2, 37, 3783491
What are the prime factors of 266295570?
2, 3, 5, 79, 112361
List the prime factors of 79720037.
47, 613, 2767
What are the prime factors of 76360563?
3, 19, 37, 149
List the prime factors of 38750944.
2, 1210967
List the prime factors of 4271243466.
2, 3, 7, 271, 53609
List the prime factors of 3345010413.
3, 1115003471
List the prime factors of 29878189.
11, 139, 19541
List the prime factors of 88394066.
2, 1097, 40289
List the prime factors of 793198572.
2, 3, 271, 243911
List the prime factors of 69849870.
2, 3, 5, 89, 26161
What are the prime factors of 313817064?
2, 3, 11, 293, 4057
List the prime factors of 87947850.
2, 3, 5, 586319
List the prime factors of 61080574.
2, 30540287
List the prime factors of 484148315.
5, 7, 13832809
What are the prime factors of 883854292?
2, 71, 149, 20887
What are the prime factors of 587966529?
3, 239, 820037
List the prime factors of 803570857.
19, 79, 149, 3593
What are the prime factors of 60619697?
23, 114593
What are the prime factors of 30672151?
127, 241513
List the prime factors of 1277849950.
2, 5, 13, 1965923
List the prime factors of 17257707.
3, 1917523
What are the prime factors of 380554103?
127, 2996489
What are the prime factors of 41956673?
11, 67, 56929
What are the prime factors of 107969871?
3, 29, 1241033
List the prime factors of 1481193896.
2, 7, 13, 239, 8513
List the prime factors of 559629108.
2, 3, 109, 137, 347
What are the prime factors of 6363035?
5, 7, 29, 6269
List the prime factors of 20199402.
2, 3, 374063
What are the prime factors of 227317734?
2, 3, 7, 67, 26927
List the prime factors of 351610794.
2, 3, 723479
What are the prime factors of 26823193?
19, 73, 83, 233
List the prime factors of 120065229.
3, 13340581
List the prime factors of 45667169.
137, 333337
What are the prime factors of 109918345?
5, 17, 1293157
What are the prime factors of 122371010?
2, 5, 29, 571, 739
List the prime factors of 265761531.
3, 7, 19, 222023
List the prime factors of 377161909.
109, 3460201
What are the prime factors of 4185842896?
2, 261615181
What are the prime factors of 9208014?
2, 3, 461, 3329
List the prime factors of 3872106566.
2, 1936053283
What are the prime factors of 144224254?
2, 72112127
List the prime factors of 59749628.
2, 17, 29, 41, 739
List the prime factors of 2824597532.
2, 17, 19, 2186221
What are the prime factors of 166789769?
166789769
List the prime factors of 5568121.
13, 19, 22543
What are the prime factors of 6625662866?
2, 22549, 146917
List the prime factors of 10681888.
2, 7, 43, 1109
List the prime factors of 34970189.
23, 1520443
What are the prime factors of 140185555?
5, 28037111
What are the prime factors of 90815911?
90815911
What are the prime factors of 239723709?
3, 139, 467, 1231
What are the prime factors of 622379651?
269, 2313679
List the prime factors of 1265373347.
7, 2731, 66191
List the prime factors of 3011472687.
3, 5039, 199211
What are the prime factors of 247918784?
2, 3873731
What are the prime factors of 2257483687?
2257483687
List the prime factors of 354957344.
2, 7, 23, 68897
What are the prime factors of 1918397811?
3, 11, 233, 249499
What are the prime factors of 2660954800?
2, 5, 7, 127, 1069
List the prime factors of 6076908138.
2, 3, 7, 107, 1352227
What are the prime factors of 3455963225?
5, 11, 13, 571, 1693
List the prime factors of 466563391.
7, 66651913
What are the prime factors of 1337620470?
2, 3, 5, 47, 971, 977
What are the prime factors of 255875003?
47, 5444149
List the prime factors of 180944689.
37, 47, 67, 1553
What are the prime factors of 94516824?
2, 3, 1087, 3623
What are the prime factors of 397546980?
2, 3, 5, 89, 109, 683
What are the prime factors of 14214101?
11, 89, 14519
List the prime factors of 725658143.
7, 103665449
What are the prime factors of 534191699?
773, 691063
List the prime factors of 1247960448.
2, 3, 7, 43, 59, 61
List the prime factors of 34218196.
2, 43, 198943
What are the prime factors of 56787493?
7, 277, 29287
List the prime factors of 507695824.
2, 151, 210139
List the prime factors of 219032324.
2, 7, 311, 25153
List the prime factors of 19025417.
157, 121181
List the prime factors of 51609232.
2, 757, 4261
List the prime factors of 551241474.
2, 3, 7, 41, 47, 139
List the prime factors of 116892732.
2, 3, 11, 885551
List the prime factors of 141580516.
2, 7, 11, 459677
List the prime factors of 133551367.
10639, 12553
What are the prime factors of 149452686?
2, 3, 53, 156659
List the prime factors of 1559966294.
2, 1723, 452689
List the prime factors of 883088449.
439, 2011591
What are the prime factors of 1003897568?
2, 31371799
List the prime factors of 43640379.
3, 103, 179, 263
List the prime factors of 114416608.
2, 3575519
What are the prime factors of 293895111?
3, 8629, 11353
What are the prime factors of 1624341801?
3, 541447267
List the prime factors of 130808952.
2, 3, 605597
List the prime factors of 50021373.
3, 37, 450643
List the prime factors of 243006354.
2, 3, 13500353
What are the prime factors of 71341519?
71341519
List the prime factors of 112601366.
2, 56300683
What are the prime factors of 295118532?
2, 3, 2732579
What are the prime factors of 892238428?
2, 223059607
What are the prime factors of 194118016?
2, 1516547
What are the prime factors of 748580490?
2, 3, 5, 7, 1188223
What are the prime factor